, h = 4*f + 12. Let x = 56 - m. List the prime factors of x.
2, 17
Let u = 67 - 60. Suppose -u*w + 9*w = 18. Suppose -m + 4*m - w = 0, -2*l + m + 215 = 0. List the prime factors of l.
109
Suppose -2*w + 6 = -4*y, -5*w + 1 = -14. Suppose -2*n + y*n + 432 = 0. List the prime factors of n.
2, 3
Let b = 47947 + 1202. What are the prime factors of b?
3, 43, 127
Suppose -12*b - 12*b + 72 = 0. Suppose 8*j - o - 1265 = 5*j, -4*j + b*o = -1695. List the prime factors of j.
2, 3, 5, 7
Suppose -h + 64897 = 4*x, -4*h = -5*x + 53536 + 27601. What are the prime factors of x?
5, 11, 59
Let n = -1995 - -1927. Let q = 233 - 33. Let m = q + n. What are the prime factors of m?
2, 3, 11
Suppose -n - 3*x - 13 = 0, -4*n + 5*x + 3 = 21. Let m = n - -30. Let k = 9 + m. List the prime factors of k.
2
Let f(u) = -4735*u**3 + 4*u**2 - 118*u - 249. What are the prime factors of f(-2)?
43, 881
Let v = 6 - 2. Let n be 8/(-10)*(-10)/v. Suppose c = l + n*c - 80, -l + 3*c + 64 = 0. List the prime factors of l.
2, 19
Suppose -9*r + 5*r - 64 = 0. List the prime factors of 164/r*2*(-18 - -4).
7, 41
Let z(g) = -g**2 + 31*g - 16. Let n be z(20). Suppose 0*r - 3*c = 4*r - 1339, 0 = -3*r + 3*c + 1020. Let k = r - n. List the prime factors of k.
7, 19
Let a = 1721 - -7014. List the prime factors of a.
5, 1747
Suppose -41*t = -43902 - 926840 + 22781. What are the prime factors of t?
3, 7, 367
Let t = 546 + -299. Suppose -10*j + 647 = t. What are the prime factors of j?
2, 5
Let d(z) = 74*z**2 + 13*z - 66. List the prime factors of d(8).
2, 7, 11, 31
Let w = -96 - -106. Let r be 4*1/(-1) - 1. List the prime factors of (-37)/w*-6 - r/(-25).
2, 11
Suppose -55735 = -21*u + 101009. What are the prime factors of u?
2, 3, 311
Let b(r) = 20 - 29*r + 13 - 27*r + 75. List the prime factors of b(-7).
2, 5
Let z(f) = 2*f**2 - 20*f + 25. Let u be z(12). Suppose -1 = m, 153 = 3*v + 4*m - m. Suppose h - 2*g = u, -h + v = 3*g - 6. List the prime factors of h.
67
Suppose -10*g + 5*g + 9 = 2*o, 0 = -5*g + 3*o + 24. Suppose -3*x + 1808 = x. Suppose -78 = 4*j - 2*r - 530, -x = -4*j - g*r. What are the prime factors of j?
113
Let z(g) = 4*g - 53. Suppose 5*n + q = 5*q + 56, -5*n = q - 61. Let v be z(n). List the prime factors of 4/14 - (3176/(-56) + v).
2, 31
Suppose 0 = 2324*o - 2339*o + 58605. What are the prime factors of o?
3907
Suppose -57 = 4*a - a. Let x(n) be the second derivative of n**4/12 + 5*n**3/2 - 5*n**2/2 + 356*n. What are the prime factors of x(a)?
71
Let r be 2*9 - (2 + -2). Suppose 7*d - 12*d = 20, d = 2*f + 60. Let t = r - f. What are the prime factors of t?
2, 5
Let u(b) = -2748*b - 804. What are the prime factors of u(-6)?
2, 3, 1307
Let x(p) = -6*p**2 - 11*p + 11. Let o(u) = u**2 + u - 2. Let a(r) = -4*o(r) - x(r). List the prime factors of a(9).
2, 3, 37
Let x be (1 + 3957)*21/21. Suppose 5*h = -20, 7*d - 2*d - x = 2*h. What are the prime factors of d?
2, 5, 79
Suppose 44962 = 17*w - 78424. List the prime factors of w.
2, 19, 191
Let l = -123 + 125. Suppose -2*x + l*n - 782 = -4*x, -2*x + 768 = -5*n. What are the prime factors of x?
389
Let f be (45/2)/((-7)/28). What are the prime factors of 8 - 36610/f - (-4)/18?
5, 83
Let a be 1*3 + 4 + (0 - 4). Suppose -5*g = s - 5*s + 31, 0 = s + 5*g + 11. Suppose -3*w - 10 = c - 224, -s*w = a*c - 277. List the prime factors of w.
73
Suppose -27 = 7*y - 41. Suppose 0 = -y*j + 611 + 473. List the prime factors of j.
2, 271
Let v = 64 + -33. Let w = v - 24. Let h(z) = 3*z**2 - 4*z - 9. What are the prime factors of h(w)?
2, 5, 11
Let f = 88 - 88. Suppose f = -10*u + 387 + 2123. What are the prime factors of u?
251
Let f(r) = 28*r + 23. Let z be f(-29). Let l = z - -1289. What are the prime factors of l?
2, 5
Let n(j) = -j**3 + j**2 + 2. Let k be n(0). Suppose -122 = -p + z, -k*p + 244 = -6*z + 3*z. List the prime factors of p.
2, 61
Let k = 59081 - 30789. What are the prime factors of k?
2, 11, 643
Let j(d) = -18*d**2 + 2*d + 3. Let u be j(-2). Suppose 0 = -5*w + 270 + 220. Let i = w + u. List the prime factors of i.
5
Let u(a) = -3*a**2 - 120*a - 49. What are the prime factors of u(-13)?
2, 251
Suppose -328*s = -320*s + 10152. Let c = s + 2130. List the prime factors of c.
3, 7, 41
Let u = 614 + -236. Suppose 9*y + u = -297. Let t = y - -221. List the prime factors of t.
2, 73
Let h be 7/((-21)/430)*(-480)/50. Let b = 3027 - h. What are the prime factors of b?
13, 127
Let n(d) = 3*d**2 + 19*d - 104. Let x be n(9). Let p = 608 - x. List the prime factors of p.
2, 149
Let n(y) = -16*y**3 - 4*y**2 - 65*y + 40. What are the prime factors of n(-9)?
5, 2393
Suppose 33*w = 492*w - 20378223. What are the prime factors of w?
3, 4933
Let k = 567 - 566. Let q(y) = 1674*y - 61. List the prime factors of q(k).
1613
Let p be (-52)/(-3 + 1)*(35 - 2). Let o = p - 230. List the prime factors of o.
2, 157
Let r be (144/(-42))/((-6)/231) + -4. Let q = r + 226. List the prime factors of q.
2, 3, 59
Let b be ((-2)/(-7))/((-10)/(-595)). Let c(h) = h**2 + 26*h - 5. What are the prime factors of c(b)?
2, 3, 11
Let r be 268 - (-5 - (5 + -8)). Let x = 919 - r. What are the prime factors of x?
11, 59
What are the prime factors of 8/14 - (11*-4145 + 1010/(-707))?
3, 15199
Suppose -3186 = -12*v - 510. Let g = v + -110. List the prime factors of g.
113
Suppose -237*c + 12163521 = 74*c. What are the prime factors of c?
3, 13037
Let n be 8/16 - 54/(-4). Suppose -n*j = -18*j + 880. List the prime factors of -3 + j/(1 - -4).
41
Suppose -24 = -5*p + g, 9*g = -4*p + 8*g + 12. Suppose p*j - 288 = 56. What are the prime factors of j?
2, 43
Suppose 30*q - 37*q + 210 = 0. Suppose m = 2*l - q, -3*l + 5*l + 150 = -4*m. Let x = m - -120. What are the prime factors of x?
2, 3, 7
Let v(j) = -11*j - 10. Suppose 0 = 6*x - 2*x + 28. Let t be v(x). Suppose 68*r = t*r + 139. List the prime factors of r.
139
Let s(a) = a**3 - 18*a**2 + a - 21. Let j be s(18). Let p(n) = 30*n**2 + 3*n - 2. List the prime factors of p(j).
7, 37
Suppose 14 - 62 = -8*k. Let d(l) = 4*l**2 - 7*l - 8. Let m be d(k). Let s = 3 + m. List the prime factors of s.
97
Let s(a) be the first derivative of -14 + a + 25/2*a**2. What are the prime factors of s(1)?
2, 13
Let p = 220 - -55. Suppose -4*w = -5*s + 2105 - p, -s + 2*w = -366. Suppose -l + 202 = -h + 20, -2*l + s = -h. List the prime factors of l.
2, 23
Suppose 3*y - 3*l - 36 = 0, 4*y + 5*l = -6 + 18. Let u be (y/5)/((-8)/(-60)). List the prime factors of 171/6 - (-6)/u.
29
Suppose 0 = 191*r - 233*r + 611604. What are the prime factors of r?
2, 3, 809
Let s(q) = -32*q + 64. Let h = -251 - -251. What are the prime factors of s(h)?
2
Let g be 7/(-21)*(-72)/(-3). What are the prime factors of (g - -17) + -5 + 324?
2, 41
Let p = 27266 - 8393. List the prime factors of p.
3, 233
Let n = 33238 - 16932. List the prime factors of n/22 - 28/154.
3, 13, 19
Suppose -6*h - 104 - 124 = 0. Let n = h - -38. Suppose -3*u = -s + 13 + 8, n = -3*s + 3*u + 93. List the prime factors of s.
2, 3
Suppose 83 - 23 = -12*u. Let l(x) = -3*x**3 - 3*x**2 - 11*x - 1. What are the prime factors of l(u)?
2, 3, 59
Let l(s) = s**3 + 3*s**2 - 18*s + 62. Suppose 51 + 27 = 13*u. What are the prime factors of l(u)?
2, 139
Suppose 2*i - 741 = 15*i. Let o = i + 61. List the prime factors of (514/o)/(((-42)/(-12))/7).
257
Suppose -3*m = -3*s - 132777, -20*m + 21*m - 2*s - 44256 = 0. What are the prime factors of m?
2, 3, 2459
Suppose 0 = 11*z - 12*z - 102. Let y = z + 93. List the prime factors of 2/9 - (16/y + -2).
2
Let n(d) = d**2 - 1. Let u be n(1). Suppose 6*c - c - k + 255 = u, 4*k + 255 = -5*c. Let r = -16 - c. List the prime factors of r.
5, 7
Let y(t) = 10*t - 18. Let h be y(6). Suppose 2*x + 0*x = 0, x - h = -2*m. What are the prime factors of (-63)/m + 25*3?
2, 3
Let z = -3223 + 3592. List the prime factors of z.
3, 41
Let q(p) = -p**2 - 2*p + 9. Let v be q(-7). Let o = -26 - v. Suppose 0 = 2*s + b - 46, -5*s + 4*b = -o*b - 128. List the prime factors of s.
2, 3
Suppose 0 = -7*p - 139 - 162. Let x = p - -32. List the prime factors of x/(-33) - (-11)/3.
2
Let o = 6210 - 4384. Suppose 0 = 16*u - o - 5294. List the prime factors of u.
5, 89
Let t be ((-55)/(-35) - 1)/(2/3143). Let n = t + -486. What are the prime factors of n?
2, 103
Let o(t) = 8*t**2 + 33*t - 57. Let a(p) = p**2 + 36*p - 53. Let